he prime factors of 7779595?
5, 1555919
List the prime factors of 2434364529.
3, 811454843
What are the prime factors of 56286238?
2, 509, 55291
List the prime factors of 11413327.
29, 103, 3821
What are the prime factors of 1792382963?
7, 1877, 136417
List the prime factors of 14415214.
2, 11, 59567
What are the prime factors of 307465301?
11, 13, 37, 58111
List the prime factors of 197928961.
23, 8605607
What are the prime factors of 84685908?
2, 3, 17, 23, 18049
What are the prime factors of 69133545?
3, 5, 13, 59, 2003
List the prime factors of 161166983.
461, 349603
What are the prime factors of 25763855?
5, 13, 127, 3121
List the prime factors of 186247866.
2, 3, 7, 4434473
List the prime factors of 2330942988.
2, 3, 11, 41, 430699
List the prime factors of 16843575.
3, 5, 7, 32083
List the prime factors of 90954825.
3, 5, 13, 93287
What are the prime factors of 270765062?
2, 23, 2011, 2927
What are the prime factors of 2981796269?
29, 102820561
List the prime factors of 1040892099.
3, 13, 17, 29, 43, 1259
List the prime factors of 160494065.
5, 32098813
What are the prime factors of 641127585?
3, 5, 7, 31, 431, 457
List the prime factors of 200638315.
5, 23, 307, 5683
List the prime factors of 2999090742.
2, 3, 61, 8194237
List the prime factors of 375666659.
23, 2333, 7001
List the prime factors of 2682703.
29, 92507
What are the prime factors of 64352838?
2, 3, 11, 31, 71, 443
List the prime factors of 252961211.
252961211
What are the prime factors of 122350415?
5, 11, 2224553
List the prime factors of 26671913.
26671913
What are the prime factors of 1304660190?
2, 3, 5, 53, 820541
What are the prime factors of 22665669?
3, 13, 581171
List the prime factors of 68051281.
68051281
List the prime factors of 6860479157.
7, 71, 739, 18679
List the prime factors of 270082994.
2, 269, 502013
List the prime factors of 1093697887.
31, 35280577
What are the prime factors of 584641148?
2, 7, 13, 59, 3889
List the prime factors of 208715504.
2, 173, 75403
List the prime factors of 52488700.
2, 5, 11, 47717
List the prime factors of 468391921.
468391921
What are the prime factors of 100871368?
2, 13, 74609
List the prime factors of 140766188.
2, 17, 2070091
What are the prime factors of 208163231?
7741, 26891
List the prime factors of 1074125607.
3, 101, 3544969
List the prime factors of 600959709.
3, 7, 23, 138247
List the prime factors of 4409439.
3, 641, 2293
List the prime factors of 79616.
2, 311
What are the prime factors of 1530467453?
6491, 235783
List the prime factors of 419374496.
2, 17, 770909
List the prime factors of 20661756.
2, 3, 313, 5501
List the prime factors of 952839527.
952839527
List the prime factors of 1211729804.
2, 677, 447463
List the prime factors of 1690747529.
17, 227, 438131
List the prime factors of 47530240.
2, 5, 71, 523
What are the prime factors of 85968271?
101, 851171
What are the prime factors of 19340857?
89, 217313
What are the prime factors of 53531759?
17, 19, 9749
What are the prime factors of 3521184018?
2, 3, 11, 53351273
What are the prime factors of 141739584?
2, 3, 7, 163, 647
What are the prime factors of 31136350?
2, 5, 7, 17, 5233
What are the prime factors of 530359381?
73, 421, 17257
What are the prime factors of 42438090?
2, 3, 5, 139, 10177
List the prime factors of 734898325.
5, 7, 113, 5309
What are the prime factors of 319761390?
2, 3, 5, 13, 61, 13441
What are the prime factors of 75784797?
3, 11, 765503
What are the prime factors of 60953637?
3, 1187, 17117
List the prime factors of 545321540.
2, 5, 37, 736921
List the prime factors of 3433800.
2, 3, 5, 59, 97
List the prime factors of 488415972.
2, 3, 11, 1321, 2801
What are the prime factors of 3564221577?
3, 7, 169724837
List the prime factors of 3539232321.
3, 67, 797, 22093
List the prime factors of 3356450299.
1579, 2125681
List the prime factors of 5994516541.
13, 211, 2185387
List the prime factors of 395355228.
2, 3, 83, 396943
List the prime factors of 17393728.
2, 11, 31, 797
List the prime factors of 11301543.
3, 11, 114157
List the prime factors of 68728914.
2, 3, 503, 7591
What are the prime factors of 69222911?
69222911
What are the prime factors of 476210769?
3, 29, 5473687
List the prime factors of 50034805.
5, 107, 93523
What are the prime factors of 511158601?
17, 23, 1307311
What are the prime factors of 826555123?
826555123
List the prime factors of 783469880.
2, 5, 19586747
List the prime factors of 3000583.
31, 43, 2251
List the prime factors of 1106113737.
3, 29, 12713951
What are the prime factors of 223431234?
2, 3, 13, 37, 77419
List the prime factors of 25380819.
3, 61, 83, 557
List the prime factors of 880940147.
233, 317, 11927
List the prime factors of 269194488.
2, 3, 251, 44687
What are the prime factors of 1450926284?
2, 47, 283, 27271
What are the prime factors of 594562473?
3, 66062497
What are the prime factors of 85946445?
3, 5, 13, 146917
What are the prime factors of 119957481?
3, 7, 1904087
List the prime factors of 140609062.
2, 11, 6391321
List the prime factors of 459486261.
3, 13, 43, 91331
List the prime factors of 792822083.
1567, 505949
What are the prime factors of 239965783?
113, 257, 8263
What are the prime factors of 31774377?
3, 17, 43, 14489
What are the prime factors of 458807564?
2, 31, 347, 10663
What are the prime factors of 9787233?
3, 41, 47, 1693
List the prime factors of 1351998745.
5, 6361, 42509
What are the prime factors of 258009686?
2, 11, 11727713
What are the prime factors of 85344183?
3, 9482687
What are the prime factors of 116435319?
3, 7, 11, 13, 29, 191
What are the prime factors of 4725857?
31, 157, 971
List the prime factors of 1662822495.
3, 5, 163, 226697
What are the prime factors of 56278365?
3, 5, 11, 13, 26237
List the prime factors of 1405955986.
2, 463, 1518311
What are the prime factors of 16509244?
2, 17, 107, 2269
What are the prime factors of 2285985812?
2, 11, 47, 271, 4079
List the prime factors of 506392559.
283, 1789373
What are the prime factors of 47993329?
17, 37, 41, 1861
List the prime factors of 207146609.
37, 43, 130199
List the prime factors of 964981568.
2, 15077837
List the prime factors of 883624345.
5, 29, 61, 99901
What are the prime factors of 817749296?
2, 7, 13, 53, 10597
What are the prime factors of 200706914?
2, 521, 192617
List the prime factors of 726919913.
6311, 115183
List the prime factors of 2815589073.
3, 11, 1301, 65581
What are the prime factors of 1010824165?
5, 13, 17, 131, 6983
List the prime factors of 2253312055.
5, 450662411
List the prime factors of 4199290970.
2, 5, 7, 107, 560653
List the prime factors of 96980552.
2, 37, 47, 6971
What are the prime factors of 2537307396?
2, 3, 13, 1807199
List the prime factors of 19886583.
3, 17, 149, 2617
List the prime factors of 244597310.
2, 5, 29, 617, 1367
What are the prime factors of 3498822252?
2, 3, 7883, 12329
List the prime factors of 794308361.
7, 11, 10315693
What are the prime factors of 1741451068?
2, 7, 62194681
What are the prime factors of 4144612?
2, 1036153
List the prime factors of 304918982.
2, 137, 179, 6217
List the prime factors of 376329633.
3, 719, 174469
List the prime factors of 59097387.
3, 179, 110051
What are the prime factors of 231411919?
231411919
What are the prime factors of 30061080?
2, 3, 5, 7, 79, 151
What are the prime factors of 49549595?
5, 421, 23539
List the prime factors of 11696366.
2, 11, 37, 14369
What are the prime factors of 96315285?
3, 5, 11, 17, 34337
List the prime factors of 2113979022.
2, 3, 117443279
What are the prime factors of 49649306?
2, 7, 71, 199, 251
What are the prime factors of 26545757?
7, 3792251
List the prime factors of 4295555239.
59, 5441, 13381
What are the prime factors of 3818840944?
2, 271, 880729
What are the prime factors of 140392944?
2, 3, 29, 33619
List the prime factors of 59886720.
2, 3, 5, 37, 281
List the prime factors of 589716670.
2, 5, 89, 149, 4447
What are the prime factors of 1383087847?
31, 47, 83, 11437
List the prime factors of 1775293150.
2, 5, 35505863
What are the prime factors of 109229075?
5, 4369163
List the prime factors of 2914212195.
3, 5, 31, 73, 9539
What are the prime factors of 290147698?
2, 73, 1987313
What are the prime factors of 1631527513?
7, 11, 79, 268